{"id":4566,"date":"2021-09-20T17:16:15","date_gmt":"2021-09-20T16:16:15","guid":{"rendered":"https:\/\/www.asdasti.it\/?page_id=4566"},"modified":"2024-10-23T06:44:15","modified_gmt":"2024-10-23T05:44:15","slug":"regole-di-accesso-allo-stadio","status":"publish","type":"page","link":"https:\/\/www.asdasti.it\/index.php\/regole-di-accesso-allo-stadio\/","title":{"rendered":"Regole di accesso allo stadio"},"content":{"rendered":"<div class=\"wpb-content-wrapper\"><div id=\"fb-root\"><\/div>\n<p>[vc_row][vc_column][vc_column_text css=&#8221;&#8221;]<\/p>\n<h1>Indicazioni per assistere alle partite ufficiali dell\u2019A.S.D. ASTI<\/h1>\n<div class=\"elementor-element elementor-element-47f8e10 elementor-widget elementor-widget-heading\" data-id=\"47f8e10\" data-element_type=\"widget\" data-widget_type=\"heading.default\">\n<div class=\"elementor-widget-container\">\n<h3><\/h3>\n<h3 class=\"elementor-heading-title elementor-size-default\">COME ACQUISTARE I BIGLIETTI PER ASSISTERE ALLE PARTITE UFFICIALI DELL\u2019A.S.D. ASTI<\/h3>\n<\/div>\n<\/div>\n<div class=\"elementor-element elementor-element-899c9a0 elementor-widget elementor-widget-text-editor\" data-id=\"899c9a0\" data-element_type=\"widget\" data-widget_type=\"text-editor.default\">\n<div class=\"elementor-widget-container\">\n<div class=\"elementor-text-editor elementor-clearfix\">Per poter acquistare i biglietti per le partite casalinghe della nostra societ\u00e0, ci si dovr\u00e0 recare <strong>presso la biglietteria posta all&#8217;interno del Bar dello Stadio <\/strong>(Via Foscolo, 19 &#8211; Asti) <strong>dal marted\u00ec al sabato dalle 9 alle 20.<\/strong><\/div>\n<div class=\"elementor-text-editor elementor-clearfix\"><strong><br \/>\nCosto del biglietto \u20ac 12,00, pagamento solo in contanti (\u20ac 7 Under 14 e Over 65)<\/strong><\/div>\n<div><\/div>\n<div class=\"elementor-text-editor elementor-clearfix\">All\u2019ingresso dello stadio si potr\u00e0 acquistare il biglietto, al medesimo costo e con le stesse modalit\u00e0 di pagamento.<\/div>\n<\/div>\n<\/div>\n<div class=\"elementor-element elementor-element-9076442 elementor-widget elementor-widget-text-editor\" data-id=\"9076442\" data-element_type=\"widget\" data-widget_type=\"text-editor.default\">\n<div class=\"elementor-widget-container\">\n<div>\n<h3><\/h3>\n<h3 class=\"elementor-heading-title elementor-size-default\">RICHIESTA ACCREDITI E STAMPA<\/h3>\n<p>Le societ\u00e0 ospiti dovranno far pervenire entro il giorno precedente alla gara la lista di Accrediti all&#8217;indirizzo communications@asdasti.it. Eventuali giornalisti dovranno allo stesso modo mandare la relativa documentazione via email per essere accreditati.<\/p>\n<\/div>\n<\/div>\n<\/div>\n<p>[\/vc_column_text][\/vc_column][\/vc_row]<\/p>\n<\/div>","protected":false},"excerpt":{"rendered":"<p>[vc_row][vc_column][vc_column_text css=&#8221;&#8221;] Indicazioni per assistere alle partite ufficiali dell\u2019A.S.D. ASTI COME ACQUISTARE I BIGLIETTI PER ASSISTERE ALLE PARTITE UFFICIALI DELL\u2019A.S.D. ASTI Per poter acquistare i biglietti per le partite casalinghe della nostra societ\u00e0, ci si dovr\u00e0 recare presso la biglietteria posta all&#8217;interno del Bar dello Stadio (Via Foscolo, 19 &#8211; Asti) dal marted\u00ec al sabato&#8230;<\/p>\n","protected":false},"author":3,"featured_media":0,"parent":0,"menu_order":0,"comment_status":"closed","ping_status":"closed","template":"","meta":{"footnotes":""},"class_list":["post-4566","page","type-page","status-publish","hentry"],"_links":{"self":[{"href":"https:\/\/www.asdasti.it\/index.php\/wp-json\/wp\/v2\/pages\/4566","targetHints":{"allow":["GET"]}}],"collection":[{"href":"https:\/\/www.asdasti.it\/index.php\/wp-json\/wp\/v2\/pages"}],"about":[{"href":"https:\/\/www.asdasti.it\/index.php\/wp-json\/wp\/v2\/types\/page"}],"author":[{"embeddable":true,"href":"https:\/\/www.asdasti.it\/index.php\/wp-json\/wp\/v2\/users\/3"}],"replies":[{"embeddable":true,"href":"https:\/\/www.asdasti.it\/index.php\/wp-json\/wp\/v2\/comments?post=4566"}],"version-history":[{"count":21,"href":"https:\/\/www.asdasti.it\/index.php\/wp-json\/wp\/v2\/pages\/4566\/revisions"}],"predecessor-version":[{"id":6632,"href":"https:\/\/www.asdasti.it\/index.php\/wp-json\/wp\/v2\/pages\/4566\/revisions\/6632"}],"wp:attachment":[{"href":"https:\/\/www.asdasti.it\/index.php\/wp-json\/wp\/v2\/media?parent=4566"}],"curies":[{"name":"wp","href":"https:\/\/api.w.org\/{rel}","templated":true}]}}